103. Give n(28).
-463
Let q(i) = 75*i - 417. Calculate q(8).
183
Let w(q) = 45330*q - 498165. Give w(11).
465
Let p(h) = -2*h**3 + 119*h**2 - 544*h + 36240. Give p(60).
0
Let d(x) = 500*x + 994. Calculate d(-2).
-6
Let a(n) = 62*n + 192. Calculate a(-18).
-924
Let j(t) = 2*t**2 + 71*t - 401. Calculate j(6).
97
Let v(c) = 227*c + 8933. What is v(-44)?
-1055
Let r(g) = -8*g**3 + 371*g**2 - 145*g + 327. What is r(46)?
5
Let i(x) = -198*x - 66110. Determine i(-334).
22
Let i(g) = -6155*g + 43097. Determine i(7).
12
Let p(a) = -2901*a - 176953. Determine p(-61).
8
Let o(v) = 527*v**2 + 765*v - 20. Determine o(-2).
558
Let q(l) = 276*l + 36911. Determine q(-123).
2963
Let x(o) = 7*o**2 - 724*o + 18627. Give x(55).
-18
Let j(u) = u**3 + 118*u**2 - 357*u + 861. Give j(-121).
135
Let b(t) = 19039*t + 228457. Determine b(-12).
-11
Let m(y) = 87*y**2 + 572*y - 572. Calculate m(1).
87
Let r(p) = -8003*p**2 + 23981*p - 4. What is r(3)?
-88
Let c(p) = 240*p + 69764. Give c(-291).
-76
Let n(x) = x**2 + 850*x + 1730. Give n(-2).
34
Let g(w) = -w**3 - 64*w**2 - 334*w + 807. Determine g(-58).
-5
Let l(z) = z**2 - 1591*z - 68582. Calculate l(-42).
4
Let f(b) = 60313*b + 241282. What is f(-4)?
30
Let s(f) = 3*f**2 + 7*f - 119. What is s(-13)?
297
Let j(m) = -3*m**3 + 160*m**2 + 121*m - 113. What is j(54)?
589
Let g(r) = 7152*r + 42856. Determine g(-6).
-56
Let x(w) = -40*w**2 - 100*w + 611. Calculate x(7).
-2049
Let h(v) = v**3 + 59*v**2 - 71*v - 631. What is h(-60)?
29
Let t(c) = -14104*c - 82163. Give t(-6).
2461
Let t(o) = 2*o**3 + o**2 - 147*o - 947. Give t(-8).
-731
Let m(s) = s**2 - 77*s - 21532. Give m(-113).
-62
Let u(b) = b**3 - 10*b**2 - 146*b + 874. Give u(16).
74
Let c(q) = -2*q**3 - 24*q**2 + 222*q + 3021. What is c(-19)?
3857
Let b(s) = -223*s**3 + 3*s**2 - 25*s + 40. What is b(2)?
-1782
Let h(s) = 3*s**3 + 333*s**2 + 324*s + 267. Calculate h(-110).
927
Let f(w) = 7599*w - 531656. Give f(70).
274
Let q(o) = 13*o**2 + 135*o + 588. Calculate q(-7).
280
Let j(i) = i**3 + 247*i**2 + 717*i - 3656. Determine j(-244).
4
Let i(g) = -4757*g + 9509. Determine i(2).
-5
Let q(c) = 77*c**2 + 83940*c - 167885. Give q(2).
303
Let t(p) = 2*p**3 + 139*p**2 - 1175*p + 40403. Give t(-80).
3
Let k(p) = -398*p - 2057. Calculate k(-7).
729
Let m(j) = j**2 + 148*j + 4993. What is m(-87)?
-314
Let y(r) = 2*r**2 + 31*r - 237. Calculate y(-18).
-147
Let n(r) = -43*r**3 - 586*r**2 + 330*r + 1490. What is n(-14)?
6
Let u(t) = -t**2 + 13*t - 295. What is u(19)?
-409
Let t(n) = -27*n**3 - 109*n**2 - 208*n + 14. Give t(-2).
210
Let l(t) = 4*t**2 + 63*t - 220. What is l(-22)?
330
Let r(a) = -10*a**3 + 714*a**2 + 903*a - 84274. What is r(71)?
3
Let y(j) = -j**3 - 54*j**2 - 397*j + 1757. Determine y(-13).
-11
Let d(s) = s**3 - 296*s**2 - 391*s + 27916. What is d(297)?
-2
Let z(k) = -896153*k - 7169213. Determine z(-8).
11
Let f(t) = 20*t**2 + 1525*t + 13973. Determine f(-9).
1868
Let g(i) = 2*i**2 - 99*i - 280. Give g(72).
2960
Let r(c) = 295*c**2 - 8546*c - 9127. Give r(30).
-7
Let j(s) = -17*s**3 - 99*s**2 + 214*s - 3. Calculate j(2).
-107
Let k(z) = 10*z**3 + 96*z**2 + 52*z + 46. What is k(-9)?
64
Let h(o) = 12772*o - 64141. Calculate h(5).
-281
Let i(w) = -356*w + 29553. What is i(91)?
-2843
Let w(h) = 6372*h + 681813. Give w(-107).
9
Let v(x) = 748*x + 10258. Determine v(-14).
-214
Let d(c) = -15655*c - 108386. Calculate d(-7).
1199
Let j(s) = s**3 - 6*s**2 + 185*s + 793. Determine j(-4).
-107
Let a(b) = 972*b - 82. Calculate a(0).
-82
Let a(u) = -12*u**2 - 271*u - 450. Calculate a(-23).
-565
Let v(b) = 6891*b + 310074. Give v(-45).
-21
Let l(h) = 20054*h - 5254143. What is l(262)?
5
Let z(f) = -531*f + 18077. Give z(33).
554
Let d(i) = 30892*i - 432544. Give d(14).
-56
Let g(w) = -10*w**3 - 6*w**2 + 65*w - 176. Give g(3).
-305
Let g(x) = -6*x**3 - 97*x**2 + 289*x + 4965. Calculate g(-16).
85
Let n(z) = z**3 - 32*z**2 - 84*z - 2238. Calculate n(36).
-78
Let p(m) = 4*m**2 + 304*m + 4245. Calculate p(-61).
585
Let n(r) = r**2 - 1744*r - 104468. Calculate n(-58).
48
Let r(b) = -5341*b - 2109698. Give r(-395).
-3
Let d(q) = -31*q**2 - 6*q + 1145. Determine d(6).
-7
Let o(u) = 19*u**2 + 1195*u - 5310. Give o(4).
-226
Let v(n) = -6*n**2 + 736*n + 7394. What is v(132)?
2
Let v(t) = -t**3 - 34*t**2 + 782*t - 1551. What is v(14)?
-11
Let g(f) = -4*f**2 + 176*f + 14988. Calculate g(-43).
24
Let f(u) = 3*u**3 - 105*u**2 + 368*u + 108. Calculate f(31).
-16
Let o(r) = 2*r**2 + 245*r + 5519. Give o(-93).
32
Let h(q) = 169*q**3 + 2*q**2 - 4*q - 2. Determine h(-1).
-165
Let u(k) = -27*k**2 - 246*k + 743. Calculate u(-14).
-1105
Let c(j) = -j**3 - 210*j**2 + 257315*j + 9953. What is c(-623)?
-15
Let t(l) = 2*l**3 + 590*l**2 + 7332*l - 36. Give t(-13).
-36
Let i(o) = -11*o**3 + 11*o**2 - 29*o + 141. What is i(3)?
-144
Let o(j) = -469226*j - 2815279. Calculate o(-6).
77
Let b(w) = 12*w**2 + 221*w - 1301. Give b(-23).
-36
Let s(r) = -366*r + 83761. Calculate s(229).
-53
Let n(j) = -j**3 + 1156*j**2 - 18203*j - 600. Determine n(16).
-8
Let s(w) = w**3 - 120*w**2 + 3251*w + 225. What is s(42)?
-825
Let i(d) = -4732*d + 82103. Determine i(17).
1659
Let k(f) = 2*f**2 - 303*f - 2194. What is k(-7)?
25
Let f(x) = -89*x**2 + 857*x + 337. What is f(10)?
7
Let d(k) = -k**3 + 60*k**2 - 812*k - 2686. Give d(32).
2
Let y(t) = 16744*t + 418774. Give y(-25).
174
Let b(y) = -2*y**3 + 305*y**2 - 48*y + 30741. Give b(153).
-12
Let l(u) = -u**3 + 12*u**2 - 5140*u + 25532. Give l(5).
7
Let a(w) = 15*w**3 - 68*w**2 - 69*w + 113. What is a(5)?
-57
Let s(k) = 21*k**2 + 316*k + 799. Determine s(-12).
31
Let u(c) = -c**3 + 340*c**2 - 900*c - 36810. Determine u(337).
597
Let u(n) = -4*n**3 + 132*n**2 - 1042*n + 13. What is u(13)?
-13
Let p(f) = -18*f**2 + 1574*f + 11027. What is p(-7)?
-873
Let c(y) = -622*y - 300382. Calculate c(-483).
44
Let l(v) = 129*v + 5462. Calculate l(-42).
44
Let f(n) = 135*n - 2668. Calculate f(20).
32
Let k(a) = -a**3 + 8109*a**2 + 203383*a + 832. Calculate k(-25).
7
Let y(g) = -3*g**2 + 622*g + 207466. What is y(-179)?
5
Let v(f) = f**3 - 69*f**2 + 120*f - 3581. Determine v(68).
-45
Let c(m) = 5*m**2 - 132*m - 6049. Give c(-24).
-1
Let j(p) = 19*p**2 - 1016*p + 219. Determine j(53).
-258
Let y(d) = 160*d**2 + 1109*d - 349. Calculate y(-7).
-272
Let c(k) = -3250*k - 373757. Determine c(-115).
-7
Let x(g) = 5*g**3 - 50*g**2 - 98*g - 278. What is x(12)?
-14
Let x(n) = -3*n**3 + 8*n**2 + 632*n + 1909. Give x(-3).
166
Let q(g) = 324*g**2 + 455*g + 905. Determine q(-2).
1291
Let s(k) = 6*k**3 - 41*k**2 - 640*k + 4422. Give s(7).
-9
Let g(y) = -y**3 + 51*y**2 + 322*y + 63. Give g(57).
-1077
Let w(k) = -k**3 - 84*k**2 - 258*k - 7741. What is w(-82)?
-33
Let q(s) = 12*s**3 - 60*s**2 + 188*s - 565. Calculate q(4).
-5
Let m(t) = -9*t**3 + 7*t**2 + 41*t + 9. What is m(-3)?
192
Let r(l) = -11*l**3 - 5549*l**2 + 3026*l - 1970. Give r(-505).
50
Let a(j) = 2*j**2 - 278*j - 6470. Determine a(159).
-110
Let v(p) = p**3 + 484*p**2 + 25436*p - 208. What is v(-60)?
32
Let c(d) = 5*d**2 + 548*d + 7251. Determine c(-94).
-81
Let g(r) = 13*r**2 - 329*r + 6062. Calculate g(25).
5962
Let f(q) = -3130*q - 28285. Determine f(-9).
-115
Let x(a) = -8301*a - 174743. Give x(-21).
-422
Let y(n) = 3*n**2 - 4338*n + 241435. Give y(1388).
-77
Let o(s) = -11*s**2 - 293*s + 6137. Determine o(19).
-3401
Let g(f) = 5900*f + 36334. Determine g(-6).
934
Let i(b) = b**3 - 6*b**2 - 1170*b + 7051. Give i(6).
31
Let u(g) = 410*g - 18902. Calculate u(46).
-42
Let t(y) = -21*y**3 + 1472*y**2 - 147*y + 497. Determine t(70).
7
Let s(r) = -11077*r + 1063410. Give s(96).
18
Let g(h) = -54*h**2 + 919*h + 79. Give g(15).
1714
Let o(i) = -21*i**2 - 658*i - 2603. What is o(-4)?
-307
Let b(j) = -172*j + 1065. Calculate b(5).
205
Let t(u) = -2*u**3 - 671*u**2 + 1114*u + 34693. Determine t(-337).
-18
Let v(f) = 2826*f + 424398. Calculate v(-150).
498
Let z(p) = 131*p**2 - 153*p - 395. Give z(-3).
1243
Let k(g) = 15991*g + 27024796. Determine k(-1690).
6
Let o(t) = t**3 - 439*t**2 - 7327*t + 3216556. Give o(439).
3
Let w(b) = -6*b**3 + 8*b**2 - 3*b - 61. Give w(6).
-1087
Let y(k) = 9*k**2 - 84*k - 846. What is y(-9)?
639
Let z(s) = 1406*s - 1202119. Determine z(855).
11
Let h(a) = -8*a**3 - 2094*a**2 + 517*a - 1826. Give h(-262).
8
Let x(u) = 4197